{"id":8,"date":"2026-02-15T11:22:02","date_gmt":"2026-02-15T10:22:02","guid":{"rendered":"https:\/\/kreatywnestudio.eu\/?page_id=8"},"modified":"2026-02-25T16:06:51","modified_gmt":"2026-02-25T15:06:51","slug":"strona-glowna","status":"publish","type":"page","link":"http:\/\/kreatywnestudio.eu\/","title":{"rendered":"Strona g\u0142\u00f3wna"},"content":{"rendered":"\n<div class=\"wp-block-cover alignfull wp-duotone-blue-red\" style=\"padding-right:var(--wp--preset--spacing--30);padding-left:var(--wp--preset--spacing--30);min-height:595px;aspect-ratio:unset;\"><img decoding=\"async\" class=\"wp-block-cover__image-background\" alt=\"\" src=\"https:\/\/kreatywnestudio.eu\/wp-content\/themes\/neve\/assets\/img\/starter-content\/neve-hero-2.png\" style=\"object-position:0% 76%\" data-object-fit=\"cover\" data-object-position=\"0% 76%\"\/><span aria-hidden=\"true\" class=\"wp-block-cover__background has-background-dim-0 has-background-dim\"><\/span><div class=\"wp-block-cover__inner-container is-layout-flow wp-block-cover-is-layout-flow\">\n<div class=\"wp-block-columns are-vertically-aligned-center is-layout-flex wp-container-core-columns-is-layout-9d6595d7 wp-block-columns-is-layout-flex\">\n<div class=\"wp-block-column is-vertically-aligned-center is-layout-flow wp-block-column-is-layout-flow\" style=\"padding-top:0;padding-right:var(--wp--preset--spacing--40);padding-bottom:0;padding-left:var(--wp--preset--spacing--40);flex-basis:65%\">\n<div style=\"height:28px\" aria-hidden=\"true\" class=\"wp-block-spacer\"><\/div>\n\n\n\n<h1 class=\"wp-block-heading has-text-align-left has-nv-text-dark-bg-color has-text-color\">Witaj w \u015bwiecie kreacji.<\/h1>\n\n\n\n<p class=\"has-text-align-left has-nv-text-dark-bg-color has-text-color\">W\u00a0<strong>Kreatywnym Studiu<\/strong> tworzymy obrazy, naklejki i inne produkty, kt\u00f3re pasuj\u0105 do Ciebie i do Twojego otoczenia.<\/p>\n\n\n\n<div style=\"height:18px\" aria-hidden=\"true\" class=\"wp-block-spacer\"><\/div>\n<\/div>\n\n\n\n<div class=\"wp-block-column is-vertically-aligned-center is-layout-flow wp-block-column-is-layout-flow\" style=\"padding-right:var(--wp--preset--spacing--40);padding-left:var(--wp--preset--spacing--40)\">\n<figure class=\"wp-block-image size-full\"><img loading=\"lazy\" decoding=\"async\" width=\"2500\" height=\"2500\" src=\"http:\/\/kreatywnestudio.eu\/wp-content\/uploads\/2026\/02\/monster3.png\" alt=\"\" class=\"wp-image-73\" srcset=\"http:\/\/kreatywnestudio.eu\/wp-content\/uploads\/2026\/02\/monster3.png 2500w, http:\/\/kreatywnestudio.eu\/wp-content\/uploads\/2026\/02\/monster3-300x300.png 300w, http:\/\/kreatywnestudio.eu\/wp-content\/uploads\/2026\/02\/monster3-1024x1024.png 1024w, http:\/\/kreatywnestudio.eu\/wp-content\/uploads\/2026\/02\/monster3-150x150.png 150w, http:\/\/kreatywnestudio.eu\/wp-content\/uploads\/2026\/02\/monster3-768x768.png 768w, http:\/\/kreatywnestudio.eu\/wp-content\/uploads\/2026\/02\/monster3-1536x1536.png 1536w, http:\/\/kreatywnestudio.eu\/wp-content\/uploads\/2026\/02\/monster3-2048x2048.png 2048w\" sizes=\"auto, (max-width: 2500px) 100vw, 2500px\" \/><\/figure>\n<\/div>\n<\/div>\n<\/div><\/div>\n\n\n\n<div style=\"height:40px\" aria-hidden=\"true\" class=\"wp-block-spacer\"><\/div>\n\n\n\n<h2 class=\"wp-block-heading has-text-align-center\">Jeste\u015bmy najlepsi w dziedzinach, kt\u00f3re ca\u0142y czas rozwijamy.<\/h2>\n\n\n\n<div style=\"height:40px\" aria-hidden=\"true\" class=\"wp-block-spacer\"><\/div>\n\n\n\n<div class=\"wp-block-columns is-layout-flex wp-container-core-columns-is-layout-9d6595d7 wp-block-columns-is-layout-flex\">\n<div class=\"wp-block-column neve-duotone is-layout-flow wp-block-column-is-layout-flow\" style=\"padding-right:var(--wp--preset--spacing--30);padding-left:var(--wp--preset--spacing--30)\"><div class=\"wp-block-image icon-style is-style-default wp-duotone-unset-1\">\n<figure class=\"aligncenter size-full is-resized has-custom-border\"><img loading=\"lazy\" decoding=\"async\" width=\"1000\" height=\"1000\" src=\"https:\/\/kreatywnestudio.eu\/wp-content\/uploads\/2026\/02\/drukowanie.png\" alt=\"\" class=\"wp-image-220\" style=\"border-radius:0px;width:170px;height:auto\" title=\"\" srcset=\"http:\/\/kreatywnestudio.eu\/wp-content\/uploads\/2026\/02\/drukowanie.png 1000w, http:\/\/kreatywnestudio.eu\/wp-content\/uploads\/2026\/02\/drukowanie-300x300.png 300w, http:\/\/kreatywnestudio.eu\/wp-content\/uploads\/2026\/02\/drukowanie-150x150.png 150w, http:\/\/kreatywnestudio.eu\/wp-content\/uploads\/2026\/02\/drukowanie-768x768.png 768w\" sizes=\"auto, (max-width: 1000px) 100vw, 1000px\" \/><\/figure>\n<\/div>\n\n\n<div style=\"height:16px\" aria-hidden=\"true\" class=\"wp-block-spacer\"><\/div>\n\n\n\n<h3 class=\"wp-block-heading has-text-align-center has-neve-text-color-color has-text-color\">Drukowanie<\/h3>\n\n\n\n<p class=\"has-text-align-center\">Drukujemy na r\u00f3\u017cnych materia\u0142ach w r\u00f3\u017cnych technologiach.<\/p>\n\n\n\n<div style=\"height:20px\" aria-hidden=\"true\" class=\"wp-block-spacer\"><\/div>\n<\/div>\n\n\n\n<div class=\"wp-block-column is-layout-flow wp-block-column-is-layout-flow\" style=\"padding-right:var(--wp--preset--spacing--30);padding-left:var(--wp--preset--spacing--30)\"><div class=\"wp-block-image icon-style is-style-default\">\n<figure class=\"aligncenter size-full is-resized has-custom-border\"><img loading=\"lazy\" decoding=\"async\" width=\"1000\" height=\"1000\" src=\"https:\/\/kreatywnestudio.eu\/wp-content\/uploads\/2026\/02\/grawerowanie.png\" alt=\"\" class=\"wp-image-221\" style=\"border-radius:0px;width:170px;height:auto\" title=\"\" srcset=\"http:\/\/kreatywnestudio.eu\/wp-content\/uploads\/2026\/02\/grawerowanie.png 1000w, http:\/\/kreatywnestudio.eu\/wp-content\/uploads\/2026\/02\/grawerowanie-300x300.png 300w, http:\/\/kreatywnestudio.eu\/wp-content\/uploads\/2026\/02\/grawerowanie-150x150.png 150w, http:\/\/kreatywnestudio.eu\/wp-content\/uploads\/2026\/02\/grawerowanie-768x768.png 768w\" sizes=\"auto, (max-width: 1000px) 100vw, 1000px\" \/><\/figure>\n<\/div>\n\n\n<div style=\"height:16px\" aria-hidden=\"true\" class=\"wp-block-spacer\"><\/div>\n\n\n\n<h3 class=\"wp-block-heading has-text-align-center has-neve-text-color-color has-text-color\">Grawerowanie<\/h3>\n\n\n\n<p class=\"has-text-align-center\">Grawerujemy laserem CO2 do formatu 50&#215;30 cm z du\u017c\u0105 precyzj\u0105.<\/p>\n\n\n\n<div style=\"height:20px\" aria-hidden=\"true\" class=\"wp-block-spacer\"><\/div>\n<\/div>\n\n\n\n<div class=\"wp-block-column is-layout-flow wp-block-column-is-layout-flow\" style=\"padding-right:var(--wp--preset--spacing--30);padding-left:var(--wp--preset--spacing--30)\"><div class=\"wp-block-image icon-style is-style-default wp-duotone-unset-2\">\n<figure class=\"aligncenter size-full is-resized has-custom-border\"><img loading=\"lazy\" decoding=\"async\" width=\"1000\" height=\"1000\" src=\"https:\/\/kreatywnestudio.eu\/wp-content\/uploads\/2026\/02\/wycinanie.png\" alt=\"\" class=\"wp-image-222\" style=\"border-radius:0px;width:170px;height:auto\" title=\"\" srcset=\"http:\/\/kreatywnestudio.eu\/wp-content\/uploads\/2026\/02\/wycinanie.png 1000w, http:\/\/kreatywnestudio.eu\/wp-content\/uploads\/2026\/02\/wycinanie-300x300.png 300w, http:\/\/kreatywnestudio.eu\/wp-content\/uploads\/2026\/02\/wycinanie-150x150.png 150w, http:\/\/kreatywnestudio.eu\/wp-content\/uploads\/2026\/02\/wycinanie-768x768.png 768w\" sizes=\"auto, (max-width: 1000px) 100vw, 1000px\" \/><\/figure>\n<\/div>\n\n\n<div style=\"height:16px\" aria-hidden=\"true\" class=\"wp-block-spacer\"><\/div>\n\n\n\n<h3 class=\"wp-block-heading has-text-align-center has-neve-text-color-color has-text-color\">Wycinanie<\/h3>\n\n\n\n<p class=\"has-text-align-center\">Wycinanamy projekty ploterowo oraz laserowo w r\u00f3\u017cnych materia\u0142ach<\/p>\n\n\n\n<div style=\"height:20px\" aria-hidden=\"true\" class=\"wp-block-spacer\"><\/div>\n<\/div>\n\n\n\n<div class=\"wp-block-column is-layout-flow wp-block-column-is-layout-flow\" style=\"padding-right:var(--wp--preset--spacing--30);padding-left:var(--wp--preset--spacing--30)\"><div class=\"wp-block-image icon-style is-style-default wp-duotone-unset-3\">\n<figure class=\"aligncenter size-medium is-resized has-custom-border\"><img loading=\"lazy\" decoding=\"async\" width=\"300\" height=\"300\" src=\"https:\/\/kreatywnestudio.eu\/wp-content\/uploads\/2026\/02\/kreatywnosc-300x300.png\" alt=\"\" class=\"wp-image-224\" style=\"border-radius:0px;width:170px;height:auto\" title=\"\" srcset=\"http:\/\/kreatywnestudio.eu\/wp-content\/uploads\/2026\/02\/kreatywnosc-300x300.png 300w, http:\/\/kreatywnestudio.eu\/wp-content\/uploads\/2026\/02\/kreatywnosc-150x150.png 150w, http:\/\/kreatywnestudio.eu\/wp-content\/uploads\/2026\/02\/kreatywnosc-768x768.png 768w, http:\/\/kreatywnestudio.eu\/wp-content\/uploads\/2026\/02\/kreatywnosc.png 1000w\" sizes=\"auto, (max-width: 300px) 100vw, 300px\" \/><\/figure>\n<\/div>\n\n\n<div style=\"height:16px\" aria-hidden=\"true\" class=\"wp-block-spacer\"><\/div>\n\n\n\n<h3 class=\"wp-block-heading has-text-align-center has-neve-text-color-color has-text-color\">Kreatywno\u015b\u0107<\/h3>\n\n\n\n<p class=\"has-text-align-center\">Jeste\u015bmy producentem materia\u0142\u00f3w do ozdabiania wspomagaj\u0105cych kreacje.<\/p>\n\n\n\n<div style=\"height:20px\" aria-hidden=\"true\" class=\"wp-block-spacer\"><\/div>\n<\/div>\n<\/div>\n\n\n\n<div class=\"wp-block-cover alignfull is-light\" style=\"min-height:600px;aspect-ratio:unset;\"><span aria-hidden=\"true\" class=\"wp-block-cover__background has-background-dim-80 has-background-dim\" style=\"background-color:#c4c4c4\"><\/span><div class=\"wp-block-cover__inner-container is-layout-flow wp-block-cover-is-layout-flow\">\n<div class=\"wp-block-group\"><div class=\"wp-block-group__inner-container is-layout-flow wp-block-group-is-layout-flow\">\n<div style=\"height:80px\" aria-hidden=\"true\" class=\"wp-block-spacer\"><\/div>\n\n\n\n<div class=\"wp-block-columns is-layout-flex wp-container-core-columns-is-layout-9d6595d7 wp-block-columns-is-layout-flex\">\n<div class=\"wp-block-column is-layout-flow wp-block-column-is-layout-flow\" style=\"padding-right:0;padding-left:0;flex-basis:20%\">\n<div class=\"wp-block-group is-vertical is-content-justification-center is-layout-flex wp-container-core-group-is-layout-4b2eccd6 wp-block-group-is-layout-flex\"><\/div>\n<\/div>\n\n\n\n<div class=\"wp-block-column is-layout-flow wp-block-column-is-layout-flow\" style=\"flex-basis:60%\">\n<div class=\"wp-block-group is-vertical is-content-justification-center is-layout-flex wp-container-core-group-is-layout-4b2eccd6 wp-block-group-is-layout-flex\">\n<h2 class=\"wp-block-heading has-text-align-center has-neve-text-color-color has-text-color has-link-color wp-elements-1bc6fcf81884dae80d5431e7815e2260\">Nasze realizacje.<\/h2>\n\n\n\n<p class=\"has-text-align-center has-neve-text-color-color has-text-color has-link-color wp-elements-d67552016339f2366ed527c5fa3c1b85\">Przedstawiamy w tym miejscu ostatnie realizacje z wybranych kategorii, kt\u00f3re wykonali\u015bmy dla naszych Klient\u00f3w.<\/p>\n\n\n\n<div style=\"height:0px\" aria-hidden=\"true\" class=\"wp-block-spacer wp-container-content-541a6b20\"><\/div>\n<\/div>\n<\/div>\n\n\n\n<div class=\"wp-block-column is-layout-flow wp-block-column-is-layout-flow\" style=\"flex-basis:20%\">\n<div class=\"wp-block-group is-vertical is-content-justification-center is-layout-flex wp-container-core-group-is-layout-4b2eccd6 wp-block-group-is-layout-flex\"><\/div>\n<\/div>\n<\/div>\n\n\n\n<div class=\"wp-block-columns are-vertically-aligned-center is-layout-flex wp-container-core-columns-is-layout-9d6595d7 wp-block-columns-is-layout-flex\">\n<div class=\"wp-block-column is-vertically-aligned-center is-layout-flow wp-block-column-is-layout-flow\" style=\"padding-right:var(--wp--preset--spacing--30);padding-left:var(--wp--preset--spacing--30);flex-basis:50%\">\n<figure class=\"wp-block-image size-full is-resized has-custom-border\"><img loading=\"lazy\" decoding=\"async\" width=\"1920\" height=\"2560\" src=\"https:\/\/kreatywnestudio.eu\/wp-content\/uploads\/2026\/02\/IMG_1095-scaled.jpeg\" alt=\"\" class=\"wp-image-242\" style=\"border-radius:16px;aspect-ratio:0.7500104808619461;width:561px;height:auto\" srcset=\"http:\/\/kreatywnestudio.eu\/wp-content\/uploads\/2026\/02\/IMG_1095-scaled.jpeg 1920w, http:\/\/kreatywnestudio.eu\/wp-content\/uploads\/2026\/02\/IMG_1095-225x300.jpeg 225w, http:\/\/kreatywnestudio.eu\/wp-content\/uploads\/2026\/02\/IMG_1095-768x1024.jpeg 768w, http:\/\/kreatywnestudio.eu\/wp-content\/uploads\/2026\/02\/IMG_1095-1152x1536.jpeg 1152w, http:\/\/kreatywnestudio.eu\/wp-content\/uploads\/2026\/02\/IMG_1095-1536x2048.jpeg 1536w\" sizes=\"auto, (max-width: 1920px) 100vw, 1920px\" \/><\/figure>\n\n\n\n<div style=\"height:24px\" aria-hidden=\"true\" class=\"wp-block-spacer\"><\/div>\n\n\n\n<h3 class=\"wp-block-heading has-text-align-center has-neve-text-color-color has-text-color\">Baner reklamowy powlekany 510g.<br>(Druk HPLatex) <\/h3>\n\n\n\n<div style=\"height:40px\" aria-hidden=\"true\" class=\"wp-block-spacer\"><\/div>\n<\/div>\n\n\n\n<div class=\"wp-block-column is-vertically-aligned-center is-layout-flow wp-block-column-is-layout-flow\" style=\"padding-right:var(--wp--preset--spacing--30);padding-left:var(--wp--preset--spacing--30);flex-basis:50%\"><div class=\"wp-block-image\">\n<figure class=\"aligncenter size-full has-custom-border\"><img loading=\"lazy\" decoding=\"async\" width=\"1920\" height=\"2560\" src=\"https:\/\/kreatywnestudio.eu\/wp-content\/uploads\/2026\/02\/IMG_1067-scaled.jpeg\" alt=\"\" class=\"wp-image-241\" style=\"border-radius:16px;aspect-ratio:0.5625078606464595\" srcset=\"http:\/\/kreatywnestudio.eu\/wp-content\/uploads\/2026\/02\/IMG_1067-scaled.jpeg 1920w, http:\/\/kreatywnestudio.eu\/wp-content\/uploads\/2026\/02\/IMG_1067-225x300.jpeg 225w, http:\/\/kreatywnestudio.eu\/wp-content\/uploads\/2026\/02\/IMG_1067-768x1024.jpeg 768w, http:\/\/kreatywnestudio.eu\/wp-content\/uploads\/2026\/02\/IMG_1067-1152x1536.jpeg 1152w, http:\/\/kreatywnestudio.eu\/wp-content\/uploads\/2026\/02\/IMG_1067-1536x2048.jpeg 1536w\" sizes=\"auto, (max-width: 1920px) 100vw, 1920px\" \/><\/figure>\n<\/div>\n\n\n<div style=\"height:24px\" aria-hidden=\"true\" class=\"wp-block-spacer\"><\/div>\n\n\n\n<h3 class=\"wp-block-heading has-text-align-center has-neve-text-color-color has-text-color\">Wydruk plakatu na papierze FOTOlux<br>(Druk HPLatex)<\/h3>\n\n\n\n<div style=\"height:40px\" aria-hidden=\"true\" class=\"wp-block-spacer\"><\/div>\n<\/div>\n<\/div>\n<\/div><\/div>\n<\/div><\/div>\n\n\n\n<div class=\"wp-block-cover alignfull has-nv-text-dark-bg-color has-text-color has-link-color wp-elements-5aa5894693d72dd0e7ea6a0dc3451837\" style=\"min-height:420px;aspect-ratio:unset;\"><span aria-hidden=\"true\" class=\"wp-block-cover__background has-background-dim-100 has-background-dim\" style=\"background-color:#471681\"><\/span><div class=\"wp-block-cover__inner-container is-layout-flow wp-block-cover-is-layout-flow\">\n<div style=\"height:80px\" aria-hidden=\"true\" class=\"wp-block-spacer\"><\/div>\n\n\n\n<h2 class=\"wp-block-heading has-text-align-center\">Nasze marki:<\/h2>\n\n\n\n<div style=\"height:20px\" aria-hidden=\"true\" class=\"wp-block-spacer\"><\/div>\n\n\n\n<div class=\"wp-block-columns is-layout-flex wp-container-core-columns-is-layout-9d6595d7 wp-block-columns-is-layout-flex\">\n<div class=\"wp-block-column ticss-4ce656f1 is-layout-flow wp-block-column-is-layout-flow\"><div class=\"wp-block-image\">\n<figure class=\"aligncenter size-full is-resized\"><img loading=\"lazy\" decoding=\"async\" width=\"1678\" height=\"503\" src=\"https:\/\/kreatywnestudio.eu\/wp-content\/uploads\/2026\/02\/logo-kseroonline2-1.png\" alt=\"\" class=\"wp-image-194\" style=\"aspect-ratio:3.84;object-fit:cover;width:338px;height:auto\" srcset=\"http:\/\/kreatywnestudio.eu\/wp-content\/uploads\/2026\/02\/logo-kseroonline2-1.png 1678w, http:\/\/kreatywnestudio.eu\/wp-content\/uploads\/2026\/02\/logo-kseroonline2-1-300x90.png 300w, http:\/\/kreatywnestudio.eu\/wp-content\/uploads\/2026\/02\/logo-kseroonline2-1-1024x307.png 1024w, http:\/\/kreatywnestudio.eu\/wp-content\/uploads\/2026\/02\/logo-kseroonline2-1-768x230.png 768w, http:\/\/kreatywnestudio.eu\/wp-content\/uploads\/2026\/02\/logo-kseroonline2-1-1536x460.png 1536w\" sizes=\"auto, (max-width: 1678px) 100vw, 1678px\" \/><\/figure>\n<\/div>\n\n\n<div style=\"height:24px\" aria-hidden=\"true\" class=\"wp-block-spacer\"><\/div>\n\n\n\n<p class=\"has-text-align-center has-nv-text-dark-bg-color has-text-color has-link-color wp-elements-556c7d0700245d7ee04b451f6d7689ff\">Ksero-online.eu<br>Nasza marka zajmuj\u0105ca si\u0119 kopiowaniem, drukowaniem w technologii cyfrowej du\u017cych ilo\u015bci dokument\u00f3w, ich oprawianiem i digitalizacj\u0105 w przyst\u0119pnych cenach.<br><br><strong>I to wszystko mo\u017cna wykona\u0107 bez wychodzenia z domu.<\/strong><\/p>\n\n\n\n<div style=\"height:20px\" aria-hidden=\"true\" class=\"wp-block-spacer\"><\/div>\n<\/div>\n\n\n\n<div class=\"wp-block-column ticss-f6fc7494 is-layout-flow wp-block-column-is-layout-flow\"><div class=\"wp-block-image\">\n<figure class=\"aligncenter size-full is-resized\"><a href=\"http:\/\/kreatywni.eu\/\" target=\"_blank\" rel=\" noreferrer noopener\"><img loading=\"lazy\" decoding=\"async\" width=\"1678\" height=\"503\" src=\"https:\/\/kreatywnestudio.eu\/wp-content\/uploads\/2026\/02\/logo-kreatywni.png\" alt=\"\" class=\"wp-image-191\" style=\"aspect-ratio:3.3363293187129246;width:297px;height:auto\" srcset=\"http:\/\/kreatywnestudio.eu\/wp-content\/uploads\/2026\/02\/logo-kreatywni.png 1678w, http:\/\/kreatywnestudio.eu\/wp-content\/uploads\/2026\/02\/logo-kreatywni-300x90.png 300w, http:\/\/kreatywnestudio.eu\/wp-content\/uploads\/2026\/02\/logo-kreatywni-1024x307.png 1024w, http:\/\/kreatywnestudio.eu\/wp-content\/uploads\/2026\/02\/logo-kreatywni-768x230.png 768w, http:\/\/kreatywnestudio.eu\/wp-content\/uploads\/2026\/02\/logo-kreatywni-1536x460.png 1536w\" sizes=\"auto, (max-width: 1678px) 100vw, 1678px\" \/><\/a><\/figure>\n<\/div>\n\n\n<div style=\"height:24px\" aria-hidden=\"true\" class=\"wp-block-spacer\"><\/div>\n\n\n\n<p class=\"has-text-align-center has-nv-text-dark-bg-color has-text-color\">Kreatywni.eu<br>Nasza marka sklepu internetowego ze sprzeda\u017c\u0105 produkt\u00f3w takich jak: plakaty, obrazy na p\u0142\u00f3tnie, naklejki, kartki okoliczno\u015bciowe, zaproszenia, zdj\u0119cia, produkty kreatywne.<\/p>\n\n\n\n<p class=\"has-text-align-center has-nv-text-dark-bg-color has-text-color\"><strong>Zapraszamy do cz\u0119stych odwiedzin i zakup\u00f3w w naszym sklepie.<\/strong><\/p>\n\n\n\n<div style=\"height:20px\" aria-hidden=\"true\" class=\"wp-block-spacer\"><\/div>\n<\/div>\n\n\n\n<div class=\"wp-block-column ticss-a5b4df29 is-layout-flow wp-block-column-is-layout-flow\"><div class=\"wp-block-image\">\n<figure class=\"aligncenter size-full is-resized\"><img loading=\"lazy\" decoding=\"async\" width=\"1678\" height=\"503\" src=\"https:\/\/kreatywnestudio.eu\/wp-content\/uploads\/2026\/02\/logo-kreatywnyweb.png\" alt=\"\" class=\"wp-image-195\" style=\"aspect-ratio:3.4607495804586983;width:305px;height:auto\" srcset=\"http:\/\/kreatywnestudio.eu\/wp-content\/uploads\/2026\/02\/logo-kreatywnyweb.png 1678w, http:\/\/kreatywnestudio.eu\/wp-content\/uploads\/2026\/02\/logo-kreatywnyweb-300x90.png 300w, http:\/\/kreatywnestudio.eu\/wp-content\/uploads\/2026\/02\/logo-kreatywnyweb-1024x307.png 1024w, http:\/\/kreatywnestudio.eu\/wp-content\/uploads\/2026\/02\/logo-kreatywnyweb-768x230.png 768w, http:\/\/kreatywnestudio.eu\/wp-content\/uploads\/2026\/02\/logo-kreatywnyweb-1536x460.png 1536w\" sizes=\"auto, (max-width: 1678px) 100vw, 1678px\" \/><\/figure>\n<\/div>\n\n\n<div style=\"height:24px\" aria-hidden=\"true\" class=\"wp-block-spacer\"><\/div>\n\n\n\n<p class=\"has-text-align-center has-nv-text-dark-bg-color has-text-color\">KreatywnyWeb.eu<br>Nasza marka agencji promocji i reklamy, wspieraj\u0105ca przede wszystkim lokalnych przedsi\u0119biorc\u00f3w w jak najskuteczniejszym dotarciu do swojego odbiorcy.<\/p>\n\n\n\n<p class=\"has-text-align-center has-nv-text-dark-bg-color has-text-color\"><strong>Wspieramy naszych klient\u00f3w na ka\u017cdym etapie wsp\u00f3\u0142pracy.<\/strong><\/p>\n\n\n\n<div style=\"height:20px\" aria-hidden=\"true\" class=\"wp-block-spacer\"><\/div>\n<\/div>\n<\/div>\n\n\n\n<div style=\"height:0px\" aria-hidden=\"true\" class=\"wp-block-spacer\"><\/div>\n<\/div><\/div>\n\n\n\n<div class=\"wp-block-cover alignfull is-light\" style=\"min-height:600px;aspect-ratio:unset;\"><span aria-hidden=\"true\" class=\"wp-block-cover__background has-background-dim-100 has-background-dim\" style=\"background-color:#c4c4c4\"><\/span><div class=\"wp-block-cover__inner-container is-layout-flow wp-block-cover-is-layout-flow\">\n<div class=\"wp-block-group\"><div class=\"wp-block-group__inner-container is-layout-flow wp-block-group-is-layout-flow\">\n<div style=\"height:40px\" aria-hidden=\"true\" class=\"wp-block-spacer\"><\/div>\n\n\n\n<h2 class=\"wp-block-heading has-text-align-center\">KONTAKT Z NAMI<\/h2>\n\n\n\n<div style=\"height:40px\" aria-hidden=\"true\" class=\"wp-block-spacer\"><\/div>\n\n\n\n<div class=\"wp-block-columns is-layout-flex wp-container-core-columns-is-layout-9d6595d7 wp-block-columns-is-layout-flex\">\n<div class=\"wp-block-column is-layout-flow wp-block-column-is-layout-flow\">\n<p class=\"has-text-align-center\"><strong>ZADZWO\u0143 DO NAS<\/strong><br>OD PONIEDZIA\u0141KU DO PI\u0104TKU<br>8:00 &#8211; 16:00<br>Tel. +48 881-565-626<br><br>W soboty tylko kontakt telefoniczny.<br>W niedziele i \u015bwi\u0119ta nie pracujemy.<\/p>\n<\/div>\n\n\n\n<div class=\"wp-block-column is-layout-flow wp-block-column-is-layout-flow\">\n<p class=\"has-text-align-center\"><strong>KONTAKT EMAIL:<\/strong><br><br><strong>OG\u00d3LNE ZAPYTANIA<\/strong><br>kontakt@kreatywnestudio.eu<\/p>\n\n\n\n<p class=\"has-text-align-center\"><strong>DZIA\u0141 OBS\u0141UGI KLIENTA<\/strong><br>karolina@kreatywnestudio.eu<\/p>\n\n\n\n<p class=\"has-text-align-center\"><strong>DZIA\u0141 GRAFICZNY<\/strong><br>magda@kreatywnestudio.eu<\/p>\n\n\n\n<p class=\"has-text-align-center\"><strong>DZIA\u0141 TECHNICZNY<\/strong><br>andrzej@kreatywnestudio.eu<\/p>\n<\/div>\n\n\n\n<div class=\"wp-block-column is-layout-flow wp-block-column-is-layout-flow\">\n<p class=\"has-text-align-center\"><strong>BIURO I ODDZIA\u0141Y<\/strong><br><br><strong>Biuro &#8211; Warszawa<\/strong><\/p>\n\n\n\n<p class=\"has-text-align-center\">Kreatywne Studio Sp. z o.o.<br>UL. Nowogrodzka 42 \/ 40 lok. 7,<br>00-695 Warszawa<\/p>\n\n\n\n<p class=\"has-text-align-center\"><strong>Oddzia\u0142 &#8211; Ostr\u00f3w Mazowiecka<\/strong><\/p>\n\n\n\n<p class=\"has-text-align-center\">Kreatywne Studio Sp. z o.o.<br>UL. Pocztowa 2 \/ 1<br>07-300 Ostr\u00f3w Mazowiecka<br><br><strong>DANE FIRMY:<\/strong><br><br>NIP: 7011240734<br>REGON: 540653480<br>KRS: 0001148842<br><\/p>\n<\/div>\n<\/div>\n\n\n\n<div style=\"height:40px\" aria-hidden=\"true\" class=\"wp-block-spacer\"><\/div>\n<\/div><\/div>\n<\/div><\/div>\n\n\n\n<div class=\"wp-block-cover alignfull\" style=\"min-height:137px;aspect-ratio:unset;\"><span aria-hidden=\"true\" class=\"wp-block-cover__background has-background-dim-100 has-background-dim\" style=\"background-color:#471681\"><\/span><div class=\"wp-block-cover__inner-container is-layout-flow wp-block-cover-is-layout-flow\">\n<div style=\"height:40px\" aria-hidden=\"true\" class=\"wp-block-spacer\"><\/div>\n<\/div><\/div>\n\n\n\n<p><\/p>\n","protected":false},"excerpt":{"rendered":"<p>Jeste\u015bmy najlepsi w dziedzinach, kt\u00f3re ca\u0142y czas rozwijamy. Drukowanie Drukujemy na r\u00f3\u017cnych materia\u0142ach w r\u00f3\u017cnych technologiach. Grawerowanie Grawerujemy laserem CO2 do formatu 50&#215;30 cm z du\u017c\u0105 precyzj\u0105. Wycinanie Wycinanamy projekty ploterowo oraz laserowo w r\u00f3\u017cnych materia\u0142ach Kreatywno\u015b\u0107 Jeste\u015bmy producentem materia\u0142\u00f3w do ozdabiania wspomagaj\u0105cych kreacje.<\/p>\n","protected":false},"author":1,"featured_media":0,"parent":0,"menu_order":0,"comment_status":"closed","ping_status":"closed","template":"","meta":{"neve_meta_sidebar":"","neve_meta_container":"","neve_meta_enable_content_width":"on","neve_meta_content_width":100,"neve_meta_title_alignment":"","neve_meta_author_avatar":"","neve_post_elements_order":"","neve_meta_disable_header":"","neve_meta_disable_footer":"","neve_meta_disable_title":"on","footnotes":""},"class_list":["post-8","page","type-page","status-publish","hentry"],"_links":{"self":[{"href":"http:\/\/kreatywnestudio.eu\/index.php\/wp-json\/wp\/v2\/pages\/8","targetHints":{"allow":["GET"]}}],"collection":[{"href":"http:\/\/kreatywnestudio.eu\/index.php\/wp-json\/wp\/v2\/pages"}],"about":[{"href":"http:\/\/kreatywnestudio.eu\/index.php\/wp-json\/wp\/v2\/types\/page"}],"author":[{"embeddable":true,"href":"http:\/\/kreatywnestudio.eu\/index.php\/wp-json\/wp\/v2\/users\/1"}],"replies":[{"embeddable":true,"href":"http:\/\/kreatywnestudio.eu\/index.php\/wp-json\/wp\/v2\/comments?post=8"}],"version-history":[{"count":87,"href":"http:\/\/kreatywnestudio.eu\/index.php\/wp-json\/wp\/v2\/pages\/8\/revisions"}],"predecessor-version":[{"id":263,"href":"http:\/\/kreatywnestudio.eu\/index.php\/wp-json\/wp\/v2\/pages\/8\/revisions\/263"}],"wp:attachment":[{"href":"http:\/\/kreatywnestudio.eu\/index.php\/wp-json\/wp\/v2\/media?parent=8"}],"curies":[{"name":"wp","href":"https:\/\/api.w.org\/{rel}","templated":true}]}}